0 - (0 - 33).
-15
51 - (10 + 61 + -62)
42
What is -6 + -96 + 81 - -80?
59
What is (-6 - 0 - -1) + 48 + (-209 - -205)?
39
(-10 - 33 - -65) + -85 + -1 + -12
-76
What is -30 + (1 - (8 - -7))?
-44
Evaluate 0 + 0 - (65 - 29) - (-2 + -11).
-23
What is the value of 18 - ((2 - (-8 + (3 - -2))) + 7)?
6
What is the value of 102 - (78 - -145) - -132?
11
What is 359 - 301 - (-4 + 21 - -1)?
40
What is the value of -63 - (-84 + 95 - 22)?
-52
What is the value of 8 - (37 + (-29 + 15 - 9))?
-6
Evaluate 2 - -23 - (2902 + -2842).
-35
What is 30 + (-72 - -83) + (2 - (3 - 5))?
45
What is the value of -39 + 50 - (20 + -25 + 10)?
6
What is -5 + 58 + -11 - ((-2 - (9 - 3)) + 2)?
48
21 - 36 - -2 - -12 - (0 - 6) - 46
-41
Evaluate -10 - (39 + -9) - (-12 - (-14 - -1)).
-41
-2 - ((-65 - -92) + 79)
-108
Calculate 59 + (-2 - -2) + 103 + -114.
48
Evaluate -1 - 0 - -4 - (1575 + -1512 - (5 - 27)).
-82
What is 4 + -3 + (-11 - 88 - -85)?
-13
Evaluate 28 - (-22 + 13 + 1 + 93).
-57
Calculate 37 + (-52 - -24) - -20.
29
Evaluate 53 + (20 - (-10 - -18)) + 2 + (-13 - 1).
53
What is the value of -15 - (8 + 4 + -70 + 52)?
-9
What is the value of (-1 + 10 + 0 + -10 - (-3 - -12)) + 66?
56
What is the value of 938 + -934 - (-3 + -1 + -59 + (-1 - 0))?
68
Evaluate 109 + -28 + -128 - -32.
-15
(7 - ((5 - 16 - -5) + 9 + -3)) + 29
36
Calculate (-1820 + 1824 - (1 - 0 - (-45 - 6))) + -8.
-56
What is the value of -18 - (-48 + -8) - ((-10 - -7 - 16) + 8)?
49
Calculate (22 - (15 - -5) - -17) + -55.
-36
What is (-45 - 2) + (8 - -18)?
-21
What is -36 + (61 - 4) - -12?
33
Calculate 49 + -28 + -11 + -14 - -71.
67
2 + -57 + (-2104 - -2167)
8
(1 - 4) + 2 - (100 + -113) - 15
-3
Evaluate (0 - -14) + (-24 + 9 - 2) + 3 + -8.
-8
What is the value of -26 + (-43 - -42 - -16)?
-11
-21 + -10 + 26 - (47 - 72)
20
What is -18 + 1 - (-6 + -52 + 52) - -17?
6
What is the value of 183 - (-20 + 279) - (1 - -31)?
-108
10 - (15 - 34) - 22
7
Evaluate -11 + -16 + 9 + -2 + 6 - 21.
-35
Calculate 12 - (61 + -172 - -80).
43
Evaluate 17 + -60 + -29 + 10 + 15.
-47
What is 9 + 6 + (9 - 7 - 79) + 6 + 5?
-51
Calculate 2 + (23 - -16) - (21 - (7 - (12 - 17))).
32
Evaluate -29 - ((5 - (10 + -2 + 1)) + (-40 - -48)).
-33
Calculate (-33 - (-150 + 77)) + 2.
42
Evaluate 5 + -4 + -28 + 84.
57
Calculate -26 + (19 - (3 - -11)).
-21
Calculate 3348 + -3342 + (0 - (8 + -1)).
-1
-15 - (-80 + 110 - -37)
-82
Calculate 6 + -22 + 9 + (-1 - -58) + -4.
46
What is -5 - ((-329 - -247) + 4 + -3 + -3 + -3)?
82
Calculate (-65 - 58) + 2 + -3 + 11 + 2.
-111
Calculate -2 + -19 + -7 + -13 + 15 + 12.
-14
Calculate -10 - (-5 + -4) - 10 - -1.
-10
Evaluate (-126 - -1) + (3 - (11 - (32 - -2))) + -21.
-120
Calculate 34 + (29 - 34) - (3 + (-3 - 3) + -1).
33
Calculate -51 - (-1 - (-21 - (12 - 8 - 8 - 5))).
-62
Calculate 103 + (21 + -93 - -1).
32
Calculate 70 + -14 + 2 + 91 + -101.
48
-9 + 20 - (37 + (-7 - -18)) - 2
-39
What is (-7 - -15 - (-11 + (18 + -2 - -6))) + 54?
51
What is (-27 - 89) + 66 - -114?
64
What is the value of 70 - (-18 + (97 - 90) + 2 + -11)?
90
(23 - (8 - -25)) + (-3 + -2 - -38)
23
What is the value of 10 - -3 - (-57 + 82)?
-12
Evaluate 102 - 97 - (-1 + 17 + -9).
-2
What is 35 + (-75 + 7 - (1 + -40))?
6
What is -1 - -3 - (-58 - 35 - (3 + -6))?
92
(757 - 808) + 0 + 84
33
What is -11 - 1 - -54 - 31?
11
What is the value of (171 - 143) + (-2 - -1) + 5?
32
What is the value of -9 + -46 + 21 - -39?
5
What is -40 - (78 + -134 - -65 - (3 - -1))?
-45
22 - ((185 - 161) + (6 - -1))
-9
-71 + (0 + 7 - (16 - (-34 + 57))) + -16
-73
What is -58 + 128 + -12 + -41?
17
What is the value of (-32 - -26) + 14 + (4 - -30)?
42
Calculate -70 + 167 + -100 - -103.
100
What is -2 + (0 - 3) + (1009 - 978)?
26
Calculate -65 + (66 - (-159 + 97)).
63
What is the value of (-99 - (-346 - -259)) + 142 + 0 + 2?
132
What is the value of -4 - -1 - -69 - (-31 - -91 - 70)?
76
Calculate (0 - 17) + -3 + (762 - 734).
8
What is the value of -149 - (31 - (-8 + 91))?
-97
Calculate -21 - (-7 + -30 - (11 + 15 - 16)).
26
45 + -81 + -56 + 27
-65
What is -77 + -22 + 87 + -25?
-37
What is -16 + (8 - 2) + 17 + -27 - -24?
4
10 - -4 - (-30 + (1 - (-5 - 14 - -26)))
50
Evaluate -11 + -57 + 43 + (-105 - (-14 - -7)).
-123
(-21 + 4 + 0 + 6 - -10) + -7
-8
What is the value of (-1 - -5) + (70 - 87) + 12?
-1
What is the value of 6 + 3 - (139 - 142)?
12
Calculate (10 - 4) + 0 + 33 + -99.
-60
80 + 30 + 22 + (40 - 50)
122
Evaluate 18 + (-8 - 2) - (-45 + 7) - 12.
34
Calculate -13 + (16 - 13) - -12.
2
What is the value of -2 + (-1 + 1 - 4) + (92 + 11 - -2)?
99
Evaluate -195 + 209 + -22 + (-1 - 15).
-24
Calculate 90 + -54 + (-43 - 0) - (42 - (-1 + 1)).
-49
Calculate -83 + 18 + -31 + 12 + (11 - 15).
-88
What is the value of -65 + (33 - (-4 - (-7 + 17 + -30)))?
-48
What is the value of (-4 + 1 - -4 - 47) + (-15 - -17)?
-44
(108 - 105) + 8 + -66
-55
76 + -203 + 45 - (-3 - -7 - 20)
-66
What is the value of 2 - -119 - (1663 - 1431)?
-111
What is the value of -104 - (-124 - -122) - -122?
20
Calculate -46 + 1 + (-68 - -81) - 25.
-57
What is 130 + -245 + (12 - (-4 + -5 - -1))?
-95
Calculate -149 - -55 - (-30 - -10).
-74
What is the value of 26 - ((-6 - -8) + -5) - (11 + (-2 - 0))?
20
What is the value of (25 - -1) + -493 + 481 + 0?
14
What is -7 + (-117 - -120 - (-62 + 3 + -3))?
58
-9 + 69 - 62 - 84
-86
Evaluate -12 + -3 + (-75 + 69 + (10 - 0) - 0).
-11
What is the value of 86 - (6 + 22 + -7 + -7)?
72
-11 + 0 - (1606 + -1635) - 95
-77
Calculate -12 + (0 - -5) + (90 - (7 + -20 + 19)).
77
Calculate -271 + 328 + (1 - 3).
55
Evaluate 200 - (131 - 221 - -183).
107
(42 - 20) + 25 + -13
34
What is (2 - -2) + -22 - (19 - (7 - -5))?
-25
Calculate -71 + (185 - 87 - 18).
9
-34 + -34 + (28 - -68) - 74
-46
1 + -86 + (-2940 - -2976)
-49
-65 + -2 + 0 + (30 - 7 - (23 + 2))
-69
What is 8845 + -8790 + (-1 - 3)?
51
Evaluate 2 + (0 - 15) + (53 - 42 - 3) + -40.
-45
Evaluate (33 - -1) + (-113 + 259 - 85).
95
(11 - (-6 + -15 - -33)) + (4 - 2)
1
(4 - (-5 + -1 - -9)) + -24 + 8
-15
What is the value of -5 + (5 - (3 - (-3 - 0) - (-231 + 211)))?
-26
7 - 18 - -7 - 34 - (200 + -206)
-32
-1 + 0 - 9 - (1061 - 1074) - 10 - -13
6
Calculate 4075 - 4135 - (-90 - -1).
29
Calculate 14 - (9 + (-14 - -1) - (-23 - -9)).
4
Evaluate 15 + -5 - (-5 + 40 - (-10 - -21)).
-14
Evaluate 57 - (-49 + 49 + 43).
14
Calculate 80 + -59 - (-12 - -48).
-15
(6 + -148 + 2 - (31 - 36) - -8) + 8
-119
Evaluate 88 + (-120 - -89) - 9.
48
What is (-86 + -51 - -85) + 0 + (-2 - 0) + 12?
-42
Calculate -49 + -7 + 38 + -13.
-31
(-507 - -531) + (-1 - 13) + -60 + 2
-48
What is the value of 998 - 999 - (1 + (-7 - 2) + (2 - 0))?
5
Calculate (-45 + (7 - -55) - 4) + -12.
1
What is -264 + 348 - (30 - 4)?
58
-17 - (-21 + (40 - 22 - -21))
-35
-10 + 68 + -33 - (-3 + -35)
63
1371 - 1320 - (133 - -4)
-86
(-3 - -73) + -11 + -41
18
Calculate 162 - 182 - (0 - 21).
1
What is -103 + 3 + 51 + 1?
-48
-17 + 7 + 63 + 0 - (17 - 3)
39
-5 + -2 + -56 + 33 + 57 + 2
29
Evaluate -19 + 24 + -3 + 66 - 16.
52
(-127 - (27 + 74 + -107)) + -1 + -8
-130
(93 + -100 - (1 + 11)) + 6 + 29
16
Evaluate -2 - (50 + 37 + (-3 - 34)).
-52
Evaluate -16 + 16 + (43 - -4).
47
(-77 + 12 - (-61 + 37)) + (21 - 1)
-21
Calculate 1102 - 1079 - (1 + -7).
29
What is the value of (2 - 1 - -36) + -32 + 21 + (51 - 44)?
33
What is (-38 - 7) + (-1 - 7) + (31 + -9 - 14)?
-45
What is the value of -34 - 8 - ((3 - 1) + (69 - 83))?
-30
-51 + (80 - (-55 - -75))
9
What is the value of 2504 + -2590 - (1 - 53)?
-34
What is the value of 30 - (30 + -30 + -70 + 33)?
67
Evaluate 52 + (-148 - -101 - 71).
-66
What is the value of -1816 - -1820 - (2 - 89)?
91
46 + (11 - (-22 + 64))
15
24 - (57 + -73 + 6 + -7 + 4)
37
(-74 + 174 - (19 - 34)) + -29
86
Evaluate 34 + (67 - 30) + -97.
-26
What is the value of 8 + -1 - (6 + 0 - 3 - (111 + -3))?
112
What is 0 + 6 + -5 + (6 + 6 + -18 - -16)?
11
What is the value of 15 + 0 + 9 + -5 + (-5759 - -5653)?
-87
Calculate -193 - -226 - 27 - ((1 - 1) + 26).
-20
(0 + 5 - -18) + (37 - (57 - 28))
31
Evaluate -131 - -60 - (11 + -2 + 6 + (-5 - -3)).
-84
What is the value of (9 + -19 - -6) + -16 + (-2 + 10 - 1)?
-13
Evaluate (49 - (4 + 4 + -9 + -10 + 2)) + 8.
66
1 - -32 - (119 + -23 + -83)
20
Evaluate -5 - (-79 - (16 + -29 - 6)).
55
Calculate (-25 + 9 + (-32 - -40) - (-1 + -19)) + -1.
11
Calculate -36 - (-28 - (17 - -40)).
49
Evaluate -26 + (4 - 